the greatest common factor of 7 and v?
1
Let w(v) = 2*v. Let s be w(-6). Suppose 4*h - 2*h - 6 = 0. Let i be h/3*0 - s. Calculate the greatest common divisor of 120 and i.
12
Suppose -p = -5*p + 12. What is the greatest common factor of p and 27?
3
Suppose -6*u + 4*u = -14. Let m = u - -13. Let r be (2/3)/(1/30). What is the greatest common divisor of r and m?
20
Let z = -296 - -615. Let q be 592/20 - 6/10. Calculate the highest common factor of q and z.
29
Let r = 31 - 17. Let t = r - 5. Calculate the greatest common factor of 63 and t.
9
Suppose 2*u = -10*u + 144. What is the highest common divisor of u and 6?
6
Suppose 2 = -5*s - 38. Let y = -5 - s. Suppose 130 = y*w - w. What is the greatest common factor of w and 26?
13
Let h = -16 - -14. Let d = h + 3. What is the highest common divisor of 3 and d?
1
Suppose -6*i + 45 = -i - 3*y, -2*i + 4*y + 4 = 0. What is the highest common factor of i and 108?
12
Let f(w) = 12*w + 26. Let z be f(7). Calculate the highest common divisor of 10 and z.
10
Let g(l) = 3*l - l**2 - 6*l - 8*l + 12. Let s be g(-9). Let r be ((-2)/(-5))/((-11)/(-330)). Calculate the greatest common divisor of r and s.
6
Let o(u) = -4*u**2 + 80*u**3 - 13*u**3 + 3*u**2. Let f be o(1). What is the highest common divisor of f and 6?
6
Suppose -b = -2*f + 18, 2*b = -2*f - 0*b + 24. Suppose 5*h - 17 = -i, 0 = -5*h - 2*i + 16 - 2. What is the greatest common factor of f and h?
2
Suppose -3*s + 54 = -3*p, p = -s - s + 24. Let m = s + -6. What is the greatest common divisor of m and 64?
8
Let x = -40 - -103. Calculate the highest common divisor of 27 and x.
9
Let w(y) = 16*y**2 - y. Let i be 0 - ((-3)/3)/1. Let u be w(i). Suppose -2*v + 0*v - 62 = -4*o, -u = -5*v. What is the greatest common factor of 17 and o?
17
Let j(m) = -m - 2. Let h(z) = z + 2. Let n(i) = -5*h(i) - 6*j(i). Let g be n(0). Suppose -g = -t + 82. Calculate the greatest common factor of 12 and t.
12
Let j(f) = f**3 - 10*f**2 - 7*f - 11. Let p be j(11). Calculate the highest common divisor of p and 3.
3
Let u(a) = a**2 - a + 11. Let n be u(-11). Let b = n - -10. Calculate the greatest common divisor of 17 and b.
17
Suppose 4*p + 25 = 205. Let u be -6*((-130)/52)/((-1)/(-1)). Calculate the greatest common divisor of p and u.
15
Let c(p) = 93*p**3 + p**2 - 2*p + 1. Let n be c(1). Let v(j) = -j + 20. Let b be v(-11). What is the greatest common divisor of b and n?
31
Let q = 6 + -5. Let k be ((-1)/2)/(q/(-10)). Calculate the greatest common divisor of 10 and k.
5
Let x = -2 - -4. Suppose -x*j = -2*a - 0*a - 4, -4*j + 5*a + 6 = 0. Suppose 0 = z + j*z - 150. Calculate the greatest common factor of 12 and z.
6
Suppose -2 = 2*h + 3*w, 5 = 3*h - 3*w - 7. Suppose 2*n = 2*d + 194, h*n + 2*d - 219 = -d. Calculate the highest common divisor of 68 and n.
34
Suppose 3*g = 5*o + 52, -2*g + 55 = g - 2*o. Calculate the highest common factor of g and 209.
19
Suppose -4*v + 4*a + 405 = -55, 5*a = v - 99. Calculate the highest common factor of v and 17.
17
Let u be -3*((-10)/3)/1. What is the highest common divisor of 50 and u?
10
Suppose 0 = -a - 2*c - 7 + 33, -3*a - c + 88 = 0. Let n be 70/6 + (7 - 120/18). What is the greatest common divisor of a and n?
6
Let q be 5*1/5 + 274. What is the greatest common divisor of q and 25?
25
Let l be (7865/(-22))/11*14/(-5). Suppose -4*f = -3*f - 13. What is the highest common divisor of l and f?
13
Suppose -2*q - 4*j + 2*j = -24, 25 = 5*j. Calculate the highest common factor of q and 21.
7
Let n be ((-12)/20)/(1/(-10)). Let u be 2/n*(-38 + 5). Let s = 20 + u. Calculate the greatest common divisor of 72 and s.
9
Let x(i) = 16*i - 2. Let y be x(4). Suppose 4*k - 18 + y = 0. Let p = -4 - k. Calculate the greatest common divisor of p and 56.
7
Let c(f) = -f**3 - 10*f**2 - 10*f - 2. Let x be c(-9). Calculate the highest common divisor of x and 63.
7
Let n(b) = -b**3 + 7*b**2 - 5*b - 3. Let y be n(4). Let c be 1*2/(-4)*-84. Let g = c - y. Calculate the greatest common divisor of 187 and g.
17
Let h(y) = -y**3 + 7*y**2 + 10*y - 10. Let c be h(7). What is the greatest common divisor of 40 and c?
20
Suppose t - 2*v = 80 + 30, 5*v + 110 = t. What is the highest common divisor of 10 and t?
10
Let x(s) = -s + 33. Let q(a) = a**2 - 3*a + 2. Let t be q(2). Let g = t + 0. Let p be x(g). Calculate the greatest common factor of 11 and p.
11
Suppose 5*y - 5*g = 40, 0*y + 4*g + 12 = 2*y. What is the greatest common factor of y and 110?
10
Suppose 0 = 3*u - 9, 4*u - 24 = 3*p - 0*p. Let l be ((-45)/p)/((-1)/(-4)). Calculate the highest common factor of l and 18.
9
Suppose 6*k - 2*k - 16 = 0. Suppose -4*q - k*s = 20, 10 = -2*q - 2*s - 2*s. Let u = q + 11. Calculate the highest common divisor of u and 42.
6
Let z(n) = n**3 - 4*n**2 + 4. Let b = 2 - -2. Let s be z(b). Suppose -4*m = c - 49, 0*c = -3*c + s*m + 83. Calculate the greatest common factor of 11 and c.
11
Let g = 34 - 49. Let x = -5 - g. Let i be (-329)/(-3) + (-5)/(-15). What is the greatest common divisor of i and x?
10
Suppose -j = -2*j - 8. Let z = j + 13. What is the highest common divisor of z and 15?
5
Let s be ((-2)/4 + 0)*0. Suppose -3*x + 13 - 4 = s. What is the highest common divisor of x and 33?
3
Let p be ((-13)/(-39))/((-1)/(-39)). What is the greatest common factor of p and 13?
13
Let y be (-7)/((-1)/(2 - 1)). Let h(f) = -4 - f**2 + y*f + 3 + 0*f**2. Let o be h(5). What is the greatest common divisor of o and 3?
3
Let m = -15 + 21. Let z = 29 + m. What is the highest common factor of z and 7?
7
Let w = 15 + -1. What is the greatest common divisor of 21 and w?
7
Let r(j) = 4*j. Let a be r(5). Let w = a + 0. Calculate the highest common factor of 50 and w.
10
Let s(x) = x**3 + 2*x**2 + 3. Let y be s(-3). Let q be y/1*(-1 - 5). Suppose -3*r + r = -q. Calculate the greatest common factor of r and 12.
6
Let k(u) = u**3 - 4*u - 4. Let w be k(4). Suppose 40 = -5*h + 60. Calculate the greatest common divisor of w and h.
4
Suppose -4*y + 55 + 49 = 0. Suppose 64 + y = 3*h. Calculate the highest common divisor of h and 210.
30
Let u = -2 + 6. Suppose 0 = -u*i + l + 17, -4*l + 2*l - 19 = -3*i. Calculate the highest common factor of i and 33.
3
Suppose 0*y + 8 = y. Calculate the highest common factor of 2 and y.
2
Let r be 1 + -1 + 0/(-3). Suppose 5*a = 5 - r. Let s = a + 5. Calculate the greatest common divisor of 54 and s.
6
Suppose -4*f + 831 = 3*d, 3*d = -5*f + 493 + 548. What is the greatest common divisor of 30 and f?
30
Suppose -4*g + 5*j = 1, g - 4*j + 7 = 4*g. What is the highest common divisor of g and 1?
1
Let p be 1 + -4 + 2 - -12. Let u be (-18)/8 - (-3)/12. Let c be u/7 - 387/(-7). What is the highest common divisor of c and p?
11
Let a(m) = -m. Let y be a(-5). Let w(p) = -p + 1. Let z be w(-2). Suppose 2*k + z*k = y. What is the highest common divisor of k and 7?
1
Let q = -32 + 56. Let l be 32/6*(-60)/(-40). What is the greatest common factor of q and l?
8
Suppose 0*j = -4*j + 64. Suppose 0 = -4*o + j + 8. What is the greatest common divisor of o and 54?
6
Let d = 1085 - 613. Let c = d - 252. Calculate the greatest common divisor of c and 20.
20
Let i = -1310 + 1838. What is the greatest common divisor of 48 and i?
48
Suppose -8*i = 2*x - 3*i - 65, 0 = -3*x + 3*i + 45. Calculate the highest common factor of 20 and x.
20
Suppose -118 = -0*j + 2*j. Let y = -40 - j. Calculate the greatest common divisor of y and 152.
19
Let b be (-14)/4 - (-7)/(-14). Let m be (4 - -1) + b/4. Let a be (26 + m)*4/10. What is the highest common factor of 36 and a?
12
Let r(b) = b**3 + 4*b**2 - 9*b - 6. Let n be r(-5). What is the greatest common factor of n and 70?
14
Let f = -46 - -80. Calculate the highest common factor of 306 and f.
34
Suppose -4*c + 9 = 37. Let a be 111/2 + c/14. Calculate the greatest common factor of 5 and a.
5
Suppose -5*k + 51 = -39. What is the greatest common divisor of k and 27?
9
Suppose -9*i + 3*i + 336 = 0. What is the greatest common factor of i and 7?
7
Suppose -825 = -35*q + 32*q. What is the highest common factor of q and 11?
11
Let m be ((-5)/15)/((-1)/21). Let n be (-268)/7 + 2/m. Let g = 60 - n. What is the greatest common divisor of g and 14?
14
Suppose -u = -3*p - 6, 0*u - 10 = 5*u + 5*p. Suppose 2*l + 4*k - 11 = 43, 3*l + 2*k - 93 = u. What is the greatest common divisor o